+ 8. Let k(i) = -i + 3. Let o(n) = f*m(n) - 8*k(n). Let x(u) = u**3 + 9*u**2 - 29*u - 73. Let z be x(-11). What is o(z)?
-4
Let n(j) = j**2 - 7*j. Suppose 5*o - 5*l - 80 = 0, -3*o + 44 = -0*o - 5*l. Let w = -25 + 37. Let a = o - w. Give n(a).
-6
Let x(r) = r**3 + 9*r**2 - 10*r - 14. Let n(c) = -c**3 - 2*c**2 - 5*c - 10. Let q be n(0). Determine x(q).
-14
Let w be (1 + -3 - -7)*1. Suppose 3*b - n + 7 = 6*b, -5*b + 5 = w*n. Let r(g) = g**3 - g**2 - 4. Give r(b).
14
Suppose -5*o = 2*q - 0*q - 13, 4 = q + 2*o. Let d = -3 - q. Let n(s) = s - s**3 - d*s**2 + 2*s**2 + 0*s**2 - 2*s - 4. Give n(0).
-4
Let a(n) = -n**3 - 8*n**2 + 10*n + 4. Let i(m) = -3*m**3 - 16*m**2 + 19*m + 9. Let v(g) = -5*a(g) + 2*i(g). What is v(6)?
-2
Suppose q + 0*q = -3*h + 5, 4*h + 5*q = 25. Let k(b) = -b**2 + h*b**3 + 4*b**3 - 2*b**3 + 2 - 1 - 3*b. Give k(2).
7
Let t be (22/6)/(1/(-3)). Let h = 16 + t. Let f(b) = 2*b - 41*b**2 + 0 + 42*b**2 - 5*b - 3. Determine f(h).
7
Let u(n) = 3*n + 0*n + 3*n**2 + 4 - 6*n + 9*n - 2*n**2. Give u(-4).
-4
Let r(b) = -b**3 + 9*b**2 - b + 10. Let z(s) = s**3 + 4*s**2 - 5*s. Let o be z(3). Let n = o - 39. Give r(n).
1
Let o(l) = -18*l + 2. Let v(t) = -15*t + 1. Let k(n) = -4*o(n) + 5*v(n). Let w(g) = g + 2. Let c(f) = -k(f) - 4*w(f). Let b be (-9)/2 - (-2)/4. Calculate c(b).
-1
Let j(o) = o - 1. Let k = -37 + 40. Let u(i) = i**2 + i. Let z(d) = k*u(d) - 2*j(d). Suppose -4*l = 4 + 4. Calculate z(l).
12
Let t(a) = -a**3 + 3*a**2 - 7*a + 1. Let u(z) = z**2 - z + 2. Let v(r) = t(r) - 4*u(r). Determine v(-3).
20
Let c(s) = s**3 + s**2 + 2*s. Suppose 5*m - 21 = -1. Suppose 2*x = -5*t - m - 27, -5*t - 33 = x. Let v = -9 - t. What is c(v)?
-8
Let u(l) = -l - 3. Let d be u(-6). Suppose -6*y + 6 = -d*y. Let z(p) = 20*p + p**y - 20*p - 4. What is z(3)?
5
Let t be (-1)/(-2) - (-63)/(-6). Let w be (77/22)/(1/2). Let s = t + w. Let y(n) = -n. Give y(s).
3
Let k(h) be the third derivative of 0*h - 1/120*h**6 - 1/15*h**5 - 1/12*h**4 - h**3 + 22*h**2 + 0. Let j be 6/(-4)*(-16)/(-6). Determine k(j).
2
Let g(k) = -3*k**2 - 6*k + 18. Let d be g(-4). Suppose -3*j + 5*r = -j - 9, -j = 2*r. Let c(u) = 3*u - 2 - j*u - 3*u - 2. Determine c(d).
8
Let z(i) = -i - 4. Let d(q) = 3*q + 8. Let w(t) = -3*d(t) - 7*z(t). Suppose 3*y = -4*p + 30 - 8, 0 = 4*y + p - 25. Calculate w(y).
-8
Suppose 6 = 3738*j - 3735*j. Let c(u) = 3*u**2 - 5. Give c(j).
7
Let r be ((-4)/12)/(3/855). Let t = r - -101. Let l(n) = -n - 3. Determine l(t).
-9
Let q(a) = 3*a - 15 + 7 + 5 + 7 + 2. Suppose -9 = f - 4. Give q(f).
-9
Let c(d) = d**3 + 13*d**2 + 14*d + 27. Let p(k) = -13*k**3 - 2*k**2 + 11*k - 8. Let i be p(1). What is c(i)?
3
Let q(b) be the second derivative of -7*b**3/6 + b. Let v = -5320 - -5319. Calculate q(v).
7
Let o(c) be the second derivative of -c**5/20 - c**4/2 + 7*c**3/6 - 3*c**2/2 + 6*c. Let t(q) = -2*q + 7. Let k be t(7). Give o(k).
-3
Suppose -17 - 3 = 5*r. Let m(w) = 2*w + 12. Let t be m(r). Let o(c) = -2 - 4*c + t - c**2 + c + 0. What is o(-4)?
-2
Let n = -229 - -231. Let q(a) = 8*a**2 + 2*a. Determine q(n).
36
Let n = -12 - -22. Suppose 0*w - n = -2*w. Let z(b) = 4 - b - 1 - b. Give z(w).
-7
Let t(l) = -l**2 + 17*l + 18. Let q be t(18). Suppose q*a + a + 3 = 0. Let w(x) = -2 - 4*x - 5*x**2 + 3*x**2 - 1. Give w(a).
-9
Let t(k) = 10*k - 1. Suppose 29*s = 26*s - 12. Let l(u) = -u - 3. Let m be l(s). Give t(m).
9
Let h(f) be the second derivative of -5*f**3/6 - 7*f**2 + 2*f. Let x be h(-4). Let i(r) = -3 + 3*r - 4 + 1. Calculate i(x).
12
Let w(i) = -11*i**3 - 20*i**2 - 20*i - 8. Let g(u) = -4*u**3 - 7*u**2 - 8*u - 3. Let h(m) = 8*g(m) - 3*w(m). Determine h(-4).
16
Let y(a) be the second derivative of -a**3/6 + 12*a**2 + 15*a - 17. Give y(10).
14
Let x(f) = f**3 - 12*f**2 + 19*f + 23. Let z be x(10). Let b = z - 12. Let q(g) = -g**2 + 1. What is q(b)?
0
Let y(d) = d**3 - 3. Let n(m) = -2 - 22*m + 33*m + 2. Let v be n(0). Calculate y(v).
-3
Let r be 3/(((-6)/(-4))/(-1)). Let i(k) = -6*k**2 + 7*k - 4. Let z(l) = -3*l**2 + 4*l - 2. Let h(u) = 6*i(u) - 11*z(u). What is h(r)?
-10
Let x(t) = 13*t - 42. Let b(k) = -6*k + 22. Let i(m) = -5*b(m) - 2*x(m). What is i(10)?
14
Let c(x) = -5*x**2 - 52*x + 19. Let a(y) = -y**2 - 10*y + 4. Let f(z) = -11*a(z) + 2*c(z). Determine f(-7).
1
Let b(l) = -2*l**2 - 8*l - 5. Let q be b(-4). Suppose -7*x + 5 = -2*x. Let y(v) = 3*v + x - 1. What is y(q)?
-15
Suppose 0 = 2*f - 5*f + 3. Let m(y) = -3*y - y**2 - 2*y + f + 4. Suppose -5*u = 4*b + b + 30, -2*u + 4*b = 6. Give m(u).
5
Let l(u) = -u**2 + 9*u + 9. Suppose -24*s + 93 = -21*s. Suppose a - 4*a + s = 2*b, 5*b = 10. Calculate l(a).
9
Let z(l) = -7*l**3 - l**2 + 3*l - 16. Let u(s) = -16*s**3 - 2*s**2 + 7*s - 32. Let v(w) = -3*u(w) + 7*z(w). Calculate v(0).
-16
Suppose -90*h + 221 = 1571. Let d(z) = -z**2 - 13*z + 36. Give d(h).
6
Suppose a = -4 + 9, -5*t - a = -15. Let v(q) = -q**t - 1 - 35*q**3 + 29*q**3 + q - 3*q. Suppose 3*l = 5*g - 3 + 8, -4 = 4*g + 3*l. Give v(g).
6
Let f(a) = -12*a + 5. Let y(m) = 5*m - 2. Let q(v) = -2*f(v) - 5*y(v). Determine q(-3).
3
Let u(x) = 24*x**2 + 2*x - 1. Let w = -161 - -162. Calculate u(w).
25
Suppose -13 = -3*n - 5*l, 0 = 2*n + 2*l - 3*l. Let q(k) = -3*k - 3*k - 4*k - 5*k. Determine q(n).
-15
Let a = 1 + -1. Suppose a = -3*f + 4*f - 2. Let h(v) = 0*v**2 + v - 1 + 11*v**f + v**2. Give h(1).
12
Let f(m) = -21195 + 21195 - m. Determine f(-4).
4
Let h(l) = -6*l + 14. Suppose -i = -21 + 14. Let m(k) = -5*k + 13. Let p(g) = i*m(g) - 6*h(g). Determine p(-5).
2
Let d(g) = 7*g + 16*g**3 - 9*g**3 - 8*g**3 + 20 - 18 - 4*g**2. Calculate d(-5).
-8
Let w(a) = -a**3 + 4*a**2 - 4. Suppose l + 21 = 13*j - 9*j, 1 = -j - l. Determine w(j).
-4
Let c(l) be the first derivative of l**4/4 + 3*l**3 - 6*l - 23. Let a be c(-9). Let b(k) = k + 7. Calculate b(a).
1
Let d(r) be the third derivative of r**5/120 + r**4/8 + 7*r**3/3 - 21*r**2. Let o(u) be the first derivative of d(u). Give o(0).
3
Let y(t) = t**2 + 7*t + 5. Suppose i = -3*i - 36. Let u(c) = c**2 + 9*c + 5. Let p be u(i). Let w = p - 9. What is y(w)?
-7
Let z be (7 + -4 - 4) + 1 + 0. Suppose z = -3*b + 6*b - 15. Let r(d) = 3*d - 2. Calculate r(b).
13
Suppose -b + s = 11, 3*b + 2*b = -3*s - 71. Let k = 20 + b. Let f(r) = r - 7. Determine f(k).
0
Let n(q) = q - 2. Let o(m) = m - 3. Let k(d) = -4*n(d) + 3*o(d). Suppose 108*f - 103*f = -4*l - 43, 2*f = -l - 16. Calculate k(f).
6
Let j(b) = -b**2 - 10*b - 9. Let z be j(-6). Suppose z = 3*w + 2*w. Let x(i) = -i + 20 - 10 - 8. Give x(w).
-1
Let s = 1492 + -1506. Let k(z) = 4*z + 45. Give k(s).
-11
Let t(i) = i**2 - 7*i - 5. Let p be 7/(21/(-12)) - -25. Let d = p + -14. Calculate t(d).
-5
Let d(u) be the second derivative of -u**4/6 + u**2/2 + 6*u. Let h = 2 + 0. Suppose h*j + b = -1, 0*j + 5*b - 6 = j. Give d(j).
-1
Suppose -27*o - 330 = -93*o. Let c(k) be the first derivative of 3/4*k**4 + 0*k**2 + 0*k + 0*k**3 - o. Calculate c(-1).
-3
Let k = -7 + 11. Suppose k = -2*b, 0 = 4*f - 4*b - 5 - 15. Suppose f*q + 4 = 22. Let u(c) = -c**3 + 7*c**2 - 6*c + 3. What is u(q)?
3
Let n(a) = -a - 13. Suppose 18 + 0 = 6*d. Suppose -4*s + 0*s - 33 = 3*b, 6 = -d*s + 4*b. Determine n(s).
-7
Let f(r) = r**2 - 29. Suppose -194 = 10*t - 194. Calculate f(t).
-29
Let s(j) = -2*j**2 - j + 5. Suppose 0 = -5*b + 29 - 19. Determine s(b).
-5
Let o(u) = -4*u + 88. Suppose -67*a + 1277 = -264. Calculate o(a).
-4
Let p(d) be the first derivative of d**4/4 - 11*d**3/3 - 13*d**2 + 8*d - 932. Give p(13).
8
Let l(t) = 3*t + 27. Let x be l(-9). Let d be ((-3)/2 - -1)*x. Let u(o) = o**3 - o**2 - o + 16. Calculate u(d).
16
Let w be ((-504)/(-189))/((-4)/18). Let p(y) = y**3 + 12*y**2 + 2*y + 15. Calculate p(w).
-9
Let v = -65 - -9. Let i = -56 - v. Let b(u) be the third derivative of -u**4/24 + 3*u**3/2 - u**2. What is b(i)?
9
Let r(o) = -7*o + 54. Let k be r(8). Let m(l) = -11*l + 1. Give m(k).
23
Let u = 516 - 519. Let z(m) = -9*m - 1. Give z(u).
26
Let x(t) = -t**3 + 2*t**2 + 6*t + 4. Suppose 38*r - 42*r + 20 = 0. Give x(r).
-41
Let s(l) = -l**2 - 17*l - 54. Let p be s(-13). Let f(m) = -2*m**2 - 7*m. What is f(p)?
6
Let n(l) = l**3 - 12*l**2 + 12*l - 6. Let x be n(11). Let t(u) = u**3 - 6*u**2 + 5*u + 4. What is t(x)?
4
Let z be -3 - -11 - (-10 + 23). Let g(b) be the first derivative of -b**3/3 - 2*b**2 + b - 3. Give g(z